{"id":830,"date":"2022-08-29T19:24:03","date_gmt":"2022-08-29T19:24:03","guid":{"rendered":"https:\/\/luishoffmann.com.br\/brasilemcancun\/?post_type=product&#038;p=830"},"modified":"2022-12-01T17:13:06","modified_gmt":"2022-12-01T17:13:06","slug":"isla-contoy-com-isla-mujeres","status":"publish","type":"product","link":"https:\/\/luishoffmann.com.br\/brasilemcancun\/produto\/isla-contoy-com-isla-mujeres\/","title":{"rendered":"Isla Contoy com Isla Mujeres"},"content":{"rendered":"<p>Para os amantes de natureza e aquele que disfrutam de tranquilidade e beleza de uma ilha paradis\u00edaca, Isla Contoy \u00e9 uma \u00e1rea natural protegida devido a sua grande biodiversidade. Neste passeio, voc\u00eas conhecem o arrecife de lxlache com grandes quantidades de esp\u00e9cies marinhas, depois disfrutam de praias com areias brancas e \u00e1guas cristalinas onde se encontram aves e arraias.<\/p>\n<p style=\"vertical-align: baseline; margin: 0cm 0cm 11.25pt 0cm;\">PACOTES \u00c0 PARTIR DE 115,99 USD (Os valores podem alterar conforme a temporada.)<\/p>\n","protected":false},"excerpt":{"rendered":"<p>Para os amantes de natureza e aquele que disfrutam de tranquilidade e beleza de uma ilha paradis\u00edaca, Isla Contoy \u00e9 uma \u00e1rea natural protegida devido a sua grande biodiversidade. Neste passeio, voc\u00eas conhecem o arrecife de lxlache com grandes quantidades de esp\u00e9cies marinhas, depois disfrutam de praias com areias brancas e \u00e1guas cristalinas onde se encontram aves e arraias.<\/p>\n<p>PACOTES \u00c0 PARTIR DE 115,99 USD (Os valores podem alterar conforme a temporada.)<\/p>\n","protected":false},"featured_media":1193,"comment_status":"closed","ping_status":"closed","template":"","meta":{"om_disable_all_campaigns":false,"_mi_skip_tracking":false},"product_cat":[34],"product_tag":[],"aioseo_notices":[],"_links":{"self":[{"href":"https:\/\/luishoffmann.com.br\/brasilemcancun\/wp-json\/wp\/v2\/product\/830"}],"collection":[{"href":"https:\/\/luishoffmann.com.br\/brasilemcancun\/wp-json\/wp\/v2\/product"}],"about":[{"href":"https:\/\/luishoffmann.com.br\/brasilemcancun\/wp-json\/wp\/v2\/types\/product"}],"replies":[{"embeddable":true,"href":"https:\/\/luishoffmann.com.br\/brasilemcancun\/wp-json\/wp\/v2\/comments?post=830"}],"wp:featuredmedia":[{"embeddable":true,"href":"https:\/\/luishoffmann.com.br\/brasilemcancun\/wp-json\/wp\/v2\/media\/1193"}],"wp:attachment":[{"href":"https:\/\/luishoffmann.com.br\/brasilemcancun\/wp-json\/wp\/v2\/media?parent=830"}],"wp:term":[{"taxonomy":"product_cat","embeddable":true,"href":"https:\/\/luishoffmann.com.br\/brasilemcancun\/wp-json\/wp\/v2\/product_cat?post=830"},{"taxonomy":"product_tag","embeddable":true,"href":"https:\/\/luishoffmann.com.br\/brasilemcancun\/wp-json\/wp\/v2\/product_tag?post=830"}],"curies":[{"name":"wp","href":"https:\/\/api.w.org\/{rel}","templated":true}]}}