{"id":827,"date":"2022-08-29T19:04:24","date_gmt":"2022-08-29T19:04:24","guid":{"rendered":"https:\/\/luishoffmann.com.br\/brasilemcancun\/?post_type=product&#038;p=827"},"modified":"2022-12-01T16:10:14","modified_gmt":"2022-12-01T16:10:14","slug":"parasailing-jet-ski","status":"publish","type":"product","link":"https:\/\/luishoffmann.com.br\/brasilemcancun\/produto\/parasailing-jet-ski\/","title":{"rendered":"Parasailing + Jet Ski"},"content":{"rendered":"<p>Voc\u00ea poder\u00e1 acelerar no bel\u00edssimo mar azul e ver uma vis\u00e3o ainda mais bonita da praia nas duas atividades juntas. \u00c9 emocionante sentir a \u00e1gua salgada batendo em voc\u00ea! E junto do jet-ski compartilhado com mais uma pessoa voc\u00ea aproveita a vista a 80m de altura de Canc\u00fan.<\/p>\n","protected":false},"excerpt":{"rendered":"<p>Voc\u00ea poder\u00e1 acelerar no bel\u00edssimo mar azul e ver uma vis\u00e3o ainda mais bonita da praia nas duas atividades juntas. \u00c9 emocionante sentir a \u00e1gua salgada batendo em voc\u00ea! E junto do jet-ski compartilhado com mais uma pessoa voc\u00ea aproveita a vista a 80m de altura de Canc\u00fan.<\/p>\n","protected":false},"featured_media":1009,"comment_status":"closed","ping_status":"closed","template":"","meta":{"om_disable_all_campaigns":false,"_mi_skip_tracking":false},"product_cat":[38],"product_tag":[],"aioseo_notices":[],"_links":{"self":[{"href":"https:\/\/luishoffmann.com.br\/brasilemcancun\/wp-json\/wp\/v2\/product\/827"}],"collection":[{"href":"https:\/\/luishoffmann.com.br\/brasilemcancun\/wp-json\/wp\/v2\/product"}],"about":[{"href":"https:\/\/luishoffmann.com.br\/brasilemcancun\/wp-json\/wp\/v2\/types\/product"}],"replies":[{"embeddable":true,"href":"https:\/\/luishoffmann.com.br\/brasilemcancun\/wp-json\/wp\/v2\/comments?post=827"}],"wp:featuredmedia":[{"embeddable":true,"href":"https:\/\/luishoffmann.com.br\/brasilemcancun\/wp-json\/wp\/v2\/media\/1009"}],"wp:attachment":[{"href":"https:\/\/luishoffmann.com.br\/brasilemcancun\/wp-json\/wp\/v2\/media?parent=827"}],"wp:term":[{"taxonomy":"product_cat","embeddable":true,"href":"https:\/\/luishoffmann.com.br\/brasilemcancun\/wp-json\/wp\/v2\/product_cat?post=827"},{"taxonomy":"product_tag","embeddable":true,"href":"https:\/\/luishoffmann.com.br\/brasilemcancun\/wp-json\/wp\/v2\/product_tag?post=827"}],"curies":[{"name":"wp","href":"https:\/\/api.w.org\/{rel}","templated":true}]}}