{"id":820,"date":"2022-08-29T18:50:32","date_gmt":"2022-08-29T18:50:32","guid":{"rendered":"https:\/\/luishoffmann.com.br\/brasilemcancun\/?post_type=product&#038;p=820"},"modified":"2022-10-16T22:07:17","modified_gmt":"2022-10-16T22:07:17","slug":"jungle-tour","status":"publish","type":"product","link":"https:\/\/luishoffmann.com.br\/brasilemcancun\/produto\/jungle-tour\/","title":{"rendered":"Jungle Tour"},"content":{"rendered":"<p><span style=\"font-size: 11.5pt; font-family: 'Lato',sans-serif; color: #333333;\">O Jungle tour \u00e9 um passeio em Canc\u00fan de curta dura\u00e7\u00e3o, onde voc\u00ea poder\u00e1 dirigir sua pr\u00f3pria lancha para 2 pessoas atrav\u00e9s dos canais do mangue da Lagoa Nichupt\u00e9 em Canc\u00fan. O passeio te levar\u00e1 at\u00e9 a Punta Nizuc, parte do Grande Arrecife Maia, a segunda maior barreira de corais do mundo, e voc\u00ea ter\u00e1 uma experi\u00eancia incr\u00edvel de praticar snorkel e admirar a vida marinha nesse lugar incr\u00edvel (O uso do colete salva vidas \u00e9 obrigat\u00f3rio).<\/span><\/p>\n<p style=\"margin: 0cm; margin-bottom: .0001pt;\"><span style=\"font-size: 11.5pt; font-family: 'Lato',sans-serif; color: #333333;\">Est\u00e1 preparado para dirigir uma lancha nesse passeio em Canc\u00fan?<\/span><\/p>\n<p style=\"margin: 0cm; margin-bottom: .0001pt;\"><span style=\"font-size: 11.5pt; font-family: 'Lato',sans-serif; color: #333333;\">\u00a0<\/span><\/p>\n","protected":false},"excerpt":{"rendered":"<p><span style=\"font-size: 11.5pt; font-family: 'Lato',sans-serif; color: #333333;\">O Jungle tour \u00e9 um passeio em Canc\u00fan de curta dura\u00e7\u00e3o, onde voc\u00ea poder\u00e1 dirigir sua pr\u00f3pria lancha para 2 pessoas atrav\u00e9s dos canais do mangue da Lagoa Nichupt\u00e9 em Canc\u00fan. O passeio te levar\u00e1 at\u00e9 a Punta Nizuc, parte do Grande Arrecife Maia, a segunda maior barreira de corais do mundo, e voc\u00ea ter\u00e1 uma experi\u00eancia incr\u00edvel de praticar snorkel e admirar a vida marinha nesse lugar incr\u00edvel (O uso do colete salva vidas \u00e9 obrigat\u00f3rio).<\/span><\/p>\n<p style=\"margin: 0cm; margin-bottom: .0001pt;\"><span style=\"font-size: 11.5pt; font-family: 'Lato',sans-serif; color: #333333;\">Est\u00e1 preparado para dirigir uma lancha nesse passeio em Canc\u00fan?<\/span><\/p>\n","protected":false},"featured_media":952,"comment_status":"closed","ping_status":"closed","template":"","meta":{"om_disable_all_campaigns":false,"_mi_skip_tracking":false},"product_cat":[33,38],"product_tag":[],"aioseo_notices":[],"_links":{"self":[{"href":"https:\/\/luishoffmann.com.br\/brasilemcancun\/wp-json\/wp\/v2\/product\/820"}],"collection":[{"href":"https:\/\/luishoffmann.com.br\/brasilemcancun\/wp-json\/wp\/v2\/product"}],"about":[{"href":"https:\/\/luishoffmann.com.br\/brasilemcancun\/wp-json\/wp\/v2\/types\/product"}],"replies":[{"embeddable":true,"href":"https:\/\/luishoffmann.com.br\/brasilemcancun\/wp-json\/wp\/v2\/comments?post=820"}],"wp:featuredmedia":[{"embeddable":true,"href":"https:\/\/luishoffmann.com.br\/brasilemcancun\/wp-json\/wp\/v2\/media\/952"}],"wp:attachment":[{"href":"https:\/\/luishoffmann.com.br\/brasilemcancun\/wp-json\/wp\/v2\/media?parent=820"}],"wp:term":[{"taxonomy":"product_cat","embeddable":true,"href":"https:\/\/luishoffmann.com.br\/brasilemcancun\/wp-json\/wp\/v2\/product_cat?post=820"},{"taxonomy":"product_tag","embeddable":true,"href":"https:\/\/luishoffmann.com.br\/brasilemcancun\/wp-json\/wp\/v2\/product_tag?post=820"}],"curies":[{"name":"wp","href":"https:\/\/api.w.org\/{rel}","templated":true}]}}