{"id":810,"date":"2022-08-29T18:33:26","date_gmt":"2022-08-29T18:33:26","guid":{"rendered":"https:\/\/luishoffmann.com.br\/brasilemcancun\/?post_type=product&#038;p=810"},"modified":"2022-09-29T17:41:22","modified_gmt":"2022-09-29T17:41:22","slug":"tubarao-baleia","status":"publish","type":"product","link":"https:\/\/luishoffmann.com.br\/brasilemcancun\/produto\/tubarao-baleia\/","title":{"rendered":"Tubar\u00e3o Baleia"},"content":{"rendered":"<p>Tenha uma experi\u00eancia \u00fanica e\u00a0 indescrit\u00edvel com o mergulho de tubar\u00e3o baleia em seu pr\u00f3prio habitat pr\u00f3ximo a Isla Contoy e depois com uma parada em Isla Mujeres no centro.<\/p>\n<p>PACOTES \u00c0 PARTIR DE 175,99 USD<br \/>\n(Os valores podem alterar conforme a temporada.)<\/p>\n","protected":false},"excerpt":{"rendered":"<p>Tenha uma experi\u00eancia \u00fanica e\u00a0 indescrit\u00edvel com o mergulho de tubar\u00e3o baleia em seu pr\u00f3prio habitat pr\u00f3ximo a Isla Contoy e depois com uma parada em Isla Mujeres no centro.<\/p>\n<p>PACOTES \u00c0 PARTIR DE 175,99 USD<br \/>\n(Os valores podem alterar conforme a temporada.)<\/p>\n","protected":false},"featured_media":811,"comment_status":"closed","ping_status":"closed","template":"","meta":{"om_disable_all_campaigns":false,"_mi_skip_tracking":false},"product_cat":[34],"product_tag":[],"aioseo_notices":[],"_links":{"self":[{"href":"https:\/\/luishoffmann.com.br\/brasilemcancun\/wp-json\/wp\/v2\/product\/810"}],"collection":[{"href":"https:\/\/luishoffmann.com.br\/brasilemcancun\/wp-json\/wp\/v2\/product"}],"about":[{"href":"https:\/\/luishoffmann.com.br\/brasilemcancun\/wp-json\/wp\/v2\/types\/product"}],"replies":[{"embeddable":true,"href":"https:\/\/luishoffmann.com.br\/brasilemcancun\/wp-json\/wp\/v2\/comments?post=810"}],"wp:featuredmedia":[{"embeddable":true,"href":"https:\/\/luishoffmann.com.br\/brasilemcancun\/wp-json\/wp\/v2\/media\/811"}],"wp:attachment":[{"href":"https:\/\/luishoffmann.com.br\/brasilemcancun\/wp-json\/wp\/v2\/media?parent=810"}],"wp:term":[{"taxonomy":"product_cat","embeddable":true,"href":"https:\/\/luishoffmann.com.br\/brasilemcancun\/wp-json\/wp\/v2\/product_cat?post=810"},{"taxonomy":"product_tag","embeddable":true,"href":"https:\/\/luishoffmann.com.br\/brasilemcancun\/wp-json\/wp\/v2\/product_tag?post=810"}],"curies":[{"name":"wp","href":"https:\/\/api.w.org\/{rel}","templated":true}]}}