{"id":741,"date":"2022-08-25T19:51:32","date_gmt":"2022-08-25T19:51:32","guid":{"rendered":"https:\/\/luishoffmann.com.br\/brasilemcancun\/?post_type=product&#038;p=741"},"modified":"2022-12-01T16:33:24","modified_gmt":"2022-12-01T16:33:24","slug":"letreiro-tulum-com-cenote-dos-ojos-e-tak-be-ha","status":"publish","type":"product","link":"https:\/\/luishoffmann.com.br\/brasilemcancun\/produto\/letreiro-tulum-com-cenote-dos-ojos-e-tak-be-ha\/","title":{"rendered":"Letreiro Tulum com Cenote dos Ojos e Tak Be H\u00e1"},"content":{"rendered":"<p>Neste passeio voc\u00ea conhece a cultura maia na zona arqueol\u00f3gica de Tulum por 2 horas com guia; visita o cenote de purifica\u00e7\u00e3o dos Ojos, de \u00e1gua azul cristalina e o famoso cenote Secreto e fechado Tak Be H\u00e1 e visita o letreiro de Tulum.<\/p>\n<p>PACOTES \u00c0 PARTIR DE 120USD por pessoa<\/p>\n<p>(VALORES SUJEITOS \u00c0 ALTERA\u00c7\u00c3O DE ACORDO COM A TEMPORADA)<\/p>\n","protected":false},"excerpt":{"rendered":"<p>Neste passeio voc\u00ea conhece a cultura maia na zona arqueol\u00f3gica de Tulum por 2 horas com guia; visita o cenote de purifica\u00e7\u00e3o dos Ojos, de \u00e1gua azul cristalina e o famoso cenote Secreto e fechado Tak Be H\u00e1 e visita o letreiro de Tulum.<\/p>\n<p>PACOTES \u00c0 PARTIR DE 120USD por pessoa<\/p>\n<p>(VALORES SUJEITOS \u00c0 ALTERA\u00c7\u00c3O DE ACORDO COM A TEMPORADA)<\/p>\n","protected":false},"featured_media":742,"comment_status":"closed","ping_status":"closed","template":"","meta":{"om_disable_all_campaigns":false,"_mi_skip_tracking":false},"product_cat":[32],"product_tag":[],"aioseo_notices":[],"_links":{"self":[{"href":"https:\/\/luishoffmann.com.br\/brasilemcancun\/wp-json\/wp\/v2\/product\/741"}],"collection":[{"href":"https:\/\/luishoffmann.com.br\/brasilemcancun\/wp-json\/wp\/v2\/product"}],"about":[{"href":"https:\/\/luishoffmann.com.br\/brasilemcancun\/wp-json\/wp\/v2\/types\/product"}],"replies":[{"embeddable":true,"href":"https:\/\/luishoffmann.com.br\/brasilemcancun\/wp-json\/wp\/v2\/comments?post=741"}],"wp:featuredmedia":[{"embeddable":true,"href":"https:\/\/luishoffmann.com.br\/brasilemcancun\/wp-json\/wp\/v2\/media\/742"}],"wp:attachment":[{"href":"https:\/\/luishoffmann.com.br\/brasilemcancun\/wp-json\/wp\/v2\/media?parent=741"}],"wp:term":[{"taxonomy":"product_cat","embeddable":true,"href":"https:\/\/luishoffmann.com.br\/brasilemcancun\/wp-json\/wp\/v2\/product_cat?post=741"},{"taxonomy":"product_tag","embeddable":true,"href":"https:\/\/luishoffmann.com.br\/brasilemcancun\/wp-json\/wp\/v2\/product_tag?post=741"}],"curies":[{"name":"wp","href":"https:\/\/api.w.org\/{rel}","templated":true}]}}