{"id":716,"date":"2022-07-25T18:21:24","date_gmt":"2022-07-25T18:21:24","guid":{"rendered":"https:\/\/luishoffmann.com.br\/brasilemcancun\/?post_type=product&#038;p=716"},"modified":"2022-12-01T16:46:42","modified_gmt":"2022-12-01T16:46:42","slug":"tour-3-cenotes-exclusivo","status":"publish","type":"product","link":"https:\/\/luishoffmann.com.br\/brasilemcancun\/produto\/tour-3-cenotes-exclusivo\/","title":{"rendered":"Tour 3 Cenotes Exclusivo"},"content":{"rendered":"<p>Conhe\u00e7a os Cenotes mais bonitos de Tulum em um tour exclusivo da Brasil em Canc\u00fan.<\/p>\n<p>Cenote Azul, Cenote Dos Ojos e Cenote Tak Be h\u00e1.<\/p>\n<p>PACOTES \u00c0 PARTIR DE 115 USD por pessoa<br \/>\n(VALORES SUJEITOS \u00c0 ALTERA\u00c7\u00c3O DE ACORDO COM A TEMPORADA)<\/p>\n","protected":false},"excerpt":{"rendered":"<p>Conhe\u00e7a os Cenotes mais bonitos de Tulum em um tour exclusivo da Brasil em Canc\u00fan.<\/p>\n<p>Cenote Azul, Cenote Dos Ojos e Cenote Tak Be h\u00e1.<\/p>\n<p>PACOTES \u00c0 PARTIR DE 115 USD por pessoa<br \/>\n(VALORES SUJEITOS \u00c0 ALTERA\u00c7\u00c3O DE ACORDO COM A TEMPORADA)<\/p>\n","protected":false},"featured_media":1177,"comment_status":"closed","ping_status":"closed","template":"","meta":{"om_disable_all_campaigns":false,"_mi_skip_tracking":false},"product_cat":[32,36],"product_tag":[],"aioseo_notices":[],"_links":{"self":[{"href":"https:\/\/luishoffmann.com.br\/brasilemcancun\/wp-json\/wp\/v2\/product\/716"}],"collection":[{"href":"https:\/\/luishoffmann.com.br\/brasilemcancun\/wp-json\/wp\/v2\/product"}],"about":[{"href":"https:\/\/luishoffmann.com.br\/brasilemcancun\/wp-json\/wp\/v2\/types\/product"}],"replies":[{"embeddable":true,"href":"https:\/\/luishoffmann.com.br\/brasilemcancun\/wp-json\/wp\/v2\/comments?post=716"}],"wp:featuredmedia":[{"embeddable":true,"href":"https:\/\/luishoffmann.com.br\/brasilemcancun\/wp-json\/wp\/v2\/media\/1177"}],"wp:attachment":[{"href":"https:\/\/luishoffmann.com.br\/brasilemcancun\/wp-json\/wp\/v2\/media?parent=716"}],"wp:term":[{"taxonomy":"product_cat","embeddable":true,"href":"https:\/\/luishoffmann.com.br\/brasilemcancun\/wp-json\/wp\/v2\/product_cat?post=716"},{"taxonomy":"product_tag","embeddable":true,"href":"https:\/\/luishoffmann.com.br\/brasilemcancun\/wp-json\/wp\/v2\/product_tag?post=716"}],"curies":[{"name":"wp","href":"https:\/\/api.w.org\/{rel}","templated":true}]}}