{"id":687,"date":"2022-08-25T16:54:49","date_gmt":"2022-08-25T16:54:49","guid":{"rendered":"https:\/\/luishoffmann.com.br\/brasilemcancun\/?post_type=product&#038;p=687"},"modified":"2022-12-01T19:52:00","modified_gmt":"2022-12-01T19:52:00","slug":"xenses","status":"publish","type":"product","link":"https:\/\/luishoffmann.com.br\/brasilemcancun\/produto\/xenses\/","title":{"rendered":"Xenses"},"content":{"rendered":"<p style=\"vertical-align: baseline; margin: 0cm 0cm 11.25pt 0cm;\"><span style=\"font-size: 10.5pt; font-family: 'inherit',serif; color: #3a3a3a;\">Xenses \u00e9 o \u00fanico parque de meio-dia na Riviera Maia onde voc\u00ea vai abrir sua percep\u00e7\u00e3o ao viver ilus\u00f5es \u00f3ticas e jogos visuais em cada um dos mais de 50 cen\u00e1rios fant\u00e1sticos e muito engra\u00e7ados. Sinta-se como um p\u00e1ssaro com o voo de tirolesa, ou deslize no slide que se acaba em uma caverna.<\/span><\/p>\n<p style=\"vertical-align: baseline; margin: 0cm 0cm 11.25pt 0cm;\"><span style=\"font-size: 10.5pt; font-family: 'inherit',serif; color: #3a3a3a;\">PACOTES \u00c0 PARTIR DE 99,99 USD.<br \/>\n(VALORES SUJEITOS \u00c0 ALTERA\u00c7\u00c3O DE ACORDO COM A TEMPORADA)<br \/>\nAlta temporada: Abril \u2013 semana santa, de 01\/07 \u00e0 15\/08 e 25\/12 \u00e0 31\/12.<\/span><\/p>\n","protected":false},"excerpt":{"rendered":"<p style=\"vertical-align: baseline; margin: 0cm 0cm 11.25pt 0cm;\"><span style=\"font-size: 10.5pt; font-family: 'inherit',serif; color: #3a3a3a;\">Xenses \u00e9 o \u00fanico parque de meio-dia na Riviera Maia onde voc\u00ea vai abrir sua percep\u00e7\u00e3o ao viver ilus\u00f5es \u00f3ticas e jogos visuais em cada um dos mais de 50 cen\u00e1rios fant\u00e1sticos e muito engra\u00e7ados. Sinta-se como um p\u00e1ssaro com o voo de tirolesa, ou deslize no slide que se acaba em uma caverna.<\/span><\/p>\n<p style=\"vertical-align: baseline; margin: 0cm 0cm 11.25pt 0cm;\"><span style=\"font-size: 10.5pt; font-family: 'inherit',serif; color: #3a3a3a;\">PACOTES \u00c0 PARTIR DE 99,99 USD.<br \/>\n(VALORES SUJEITOS \u00c0 ALTERA\u00c7\u00c3O DE ACORDO COM A TEMPORADA)<br \/>\nAlta temporada: Abril \u2013 semana santa, de 01\/07 \u00e0 15\/08 e 25\/12 \u00e0 31\/12.<\/span><\/p>\n","protected":false},"featured_media":1081,"comment_status":"closed","ping_status":"closed","template":"","meta":{"om_disable_all_campaigns":false,"_mi_skip_tracking":false},"product_cat":[30],"product_tag":[],"aioseo_notices":[],"_links":{"self":[{"href":"https:\/\/luishoffmann.com.br\/brasilemcancun\/wp-json\/wp\/v2\/product\/687"}],"collection":[{"href":"https:\/\/luishoffmann.com.br\/brasilemcancun\/wp-json\/wp\/v2\/product"}],"about":[{"href":"https:\/\/luishoffmann.com.br\/brasilemcancun\/wp-json\/wp\/v2\/types\/product"}],"replies":[{"embeddable":true,"href":"https:\/\/luishoffmann.com.br\/brasilemcancun\/wp-json\/wp\/v2\/comments?post=687"}],"wp:featuredmedia":[{"embeddable":true,"href":"https:\/\/luishoffmann.com.br\/brasilemcancun\/wp-json\/wp\/v2\/media\/1081"}],"wp:attachment":[{"href":"https:\/\/luishoffmann.com.br\/brasilemcancun\/wp-json\/wp\/v2\/media?parent=687"}],"wp:term":[{"taxonomy":"product_cat","embeddable":true,"href":"https:\/\/luishoffmann.com.br\/brasilemcancun\/wp-json\/wp\/v2\/product_cat?post=687"},{"taxonomy":"product_tag","embeddable":true,"href":"https:\/\/luishoffmann.com.br\/brasilemcancun\/wp-json\/wp\/v2\/product_tag?post=687"}],"curies":[{"name":"wp","href":"https:\/\/api.w.org\/{rel}","templated":true}]}}